 + 1 - 5 = 2*v. Let r be (-4 + 6)/(v/25). Let f = 73 + r. What is the highest common divisor of f and 32?
16
Let s(i) = 8*i - 2. Let z be s(1). Suppose -6*d + 5*x = -4*d + z, -3*x + 40 = 4*d. Calculate the greatest common divisor of d and 21.
7
Let r(i) = -3*i + 18. Let o be r(-6). Calculate the greatest common factor of o and 396.
36
Let z be 246/14 + (-15)/(-35). Calculate the highest common divisor of z and 198.
18
Let x be 2*((-3)/2 - -3). Suppose -x*w = -8 - 1. Let o(j) = 2*j**2 + 2*j - 1. Let m be o(-2). What is the highest common divisor of m and w?
3
Let q = -56 + 113. Calculate the greatest common factor of q and 38.
19
Suppose 3*l + 160 = 5*a, 9*l - 64 = -2*a + 4*l. What is the highest common factor of a and 4?
4
Let b be -1 - -10*(-3)/(-2). Let v = b - 0. Suppose -42 = -2*q - 2*y - v, 5*q + y - 90 = 0. Calculate the highest common factor of 57 and q.
19
Suppose -4*z = z - 85. What is the greatest common factor of 119 and z?
17
Let l be (-3)/9 - (-112)/12. Suppose 5*h = 16 + l. Let q be -2 + 1 - (-4 - -1). Calculate the highest common divisor of q and h.
1
Suppose -3*p = -6 - 9. Suppose -5*i - 179 = -3*x, -4*i + i = -15. Suppose -5*w + 132 = -x. Calculate the highest common divisor of w and p.
5
Let h = 5 + -3. Let u be (-9 - -11) + h/2. Suppose -3*l - 3*p + 4 = -14, u*p + 59 = 4*l. Calculate the greatest common divisor of 55 and l.
11
Let p(x) = -2*x + 51. Let q be p(0). Calculate the greatest common factor of q and 34.
17
Let c(l) = -2*l - 2 + l + 13*l**2 - 2*l. Let z be c(-2). Let m be -1 - (-3*1 - (4 - -2)). Calculate the highest common divisor of m and z.
8
Suppose 0 = 3*n - 0*n + k - 50, -2*k - 62 = -3*n. Suppose 6*y - 2*a = 4*y + 170, 0 = a - 5. Calculate the greatest common factor of y and n.
18
Let c = -9 - -11. Calculate the highest common factor of 2 and c.
2
Suppose -2*o - 3*o - 170 = -4*k, -3*k = -4*o - 127. Let l be ((-3)/(-4) + 0)*-4. Let h = l - -8. What is the greatest common divisor of k and h?
5
Let v = -59 + 78. What is the highest common factor of v and 95?
19
Suppose 10 = 5*z, -80 = -3*r + 2*z + 24. Let u = -12 + -3. Let b = r + u. What is the highest common factor of 3 and b?
3
Suppose 3*v = -4*l + 24, 3*v - 2*l = l + 3. Suppose 46 = 4*o - 3*k, -3*o + 48 = o - 2*k. Let f = 23 - o. Calculate the greatest common factor of v and f.
2
Let m = -9 - -15. Let w be m - (2 - (-2 + 1)). Suppose 17 = r - i, 0*i - 15 = w*i. What is the greatest common factor of 48 and r?
12
Let d = -173 + 349. What is the greatest common divisor of 22 and d?
22
Let r(t) = t**2 - 10*t + 8. Let m be r(7). Let z be ((-1 - -3) + -7)*1. Let h = z - m. What is the highest common divisor of h and 24?
8
Let q = 1 + 1. Suppose 0 = -5*j - z + 30, -4*z + z = -q*j - 5. Suppose j + 31 = 3*p. What is the greatest common divisor of p and 6?
6
Let v = 3 - 1. Calculate the highest common divisor of v and 12.
2
Let t be -24*(-6)/9 + -1. Let n = 1 + 1. Let y be n/(-8) - 42/(-8). Calculate the highest common factor of t and y.
5
Suppose -y - 2*j + 12 = -34, 4*y - 3*j - 151 = 0. Calculate the highest common divisor of 16 and y.
8
Suppose 3*w - 36 = -5*k, -2*k - 24 = -2*w - k. Let j = 57 - w. Let l be 1 - -11 - 30/10. What is the highest common divisor of j and l?
9
Let z = -193 + 305. What is the highest common factor of z and 16?
16
Suppose 0 = 3*j - 10 + 7. Let d be 8*(j - 0 - -1). Let g be (-351)/(-2) - 2/(-4). What is the greatest common divisor of g and d?
16
Suppose -m + 41 = -0*a + 3*a, -55 = -5*a + m. Let k be a/7*(-14)/(-4). Let r = k + 1. Calculate the highest common divisor of 28 and r.
7
Let x be (6 - 2)*(-1 - 0). Let w(i) = -2*i**3 - 3*i**2 - 6*i - 4. Let j be w(x). Suppose 35 = 5*b - j. Calculate the highest common divisor of b and 3.
3
Let v(x) = -1 + 1 - x. Let c be v(-4). What is the greatest common divisor of c and 16?
4
Let d be 12*(-7)/(21/(-4)). What is the greatest common divisor of d and 24?
8
Suppose 0 = b + b - 5*g - 73, 0 = 3*g - 15. What is the greatest common factor of 7 and b?
7
Let j(s) be the second derivative of s**2 - 1/2*s**3 - 2*s - 1/3*s**4 + 1/20*s**5 + 0. Let p be j(5). What is the highest common divisor of p and 60?
12
Let b(t) = 2*t - 15. Let r be b(10). Let a be -20*-1*2/r. Suppose -5*w = 51 - 151. What is the highest common divisor of a and w?
4
Let z be -8 + 1 + (-4 - -3). Let i = z + 15. Calculate the greatest common factor of 28 and i.
7
Suppose -w = -5*w + 16, p = 3*w - 125. Suppose -i + 14 + 225 = 0. Let q = p + i. What is the greatest common divisor of 18 and q?
18
Let d = -9 - -13. Suppose -3*p = -4 + 1. Let u(w) = 32*w**2. Let b be u(p). Calculate the greatest common divisor of d and b.
4
Suppose -2*o - 4*h + 3*h + 11 = 0, 4*o = -h + 21. Calculate the greatest common factor of o and 45.
5
Suppose -y = 2*d - 3, -6 = -y + 2*d - d. Suppose y*n - 2*r = 4, 6*r = 2*n + 4*r - 4. Suppose p + 4*p - 45 = n. Calculate the highest common divisor of p and 45.
9
Suppose -2*c + 8 = 2. Suppose -5*j = d - 63, 4*j - 45 = j + c*d. What is the highest common factor of 143 and j?
13
Let h be 6*1*26/6. What is the greatest common factor of 26 and h?
26
Let i be (0/2)/((-16)/8). Let a = i + 5. What is the highest common factor of a and 1?
1
Let c(z) = 14*z**2 - 4. Suppose 5*f + 27 - 87 = -5*a, 3*f = 3. Let k = -7 + a. Let i be c(k). Calculate the highest common factor of 20 and i.
20
Let p = 51 + -30. What is the greatest common divisor of 231 and p?
21
Suppose -p + 212 = 5*x - 100, 900 = 3*p + 3*x. Suppose -2*u = u - p. Calculate the highest common divisor of 11 and u.
11
Suppose 4 = -0*j + 4*j. What is the greatest common factor of j and 9?
1
Suppose -10 - 5 = -5*u. Suppose 5*f = -2*a - 0 + 13, -u*f = -2*a + 5. What is the highest common factor of 16 and a?
4
Let t = -67 + 199. What is the highest common divisor of 12 and t?
12
Let t = -7 + 15. Calculate the greatest common divisor of 4 and t.
4
Let s be (-3 + 0)/1 - -13. Suppose -1 = -2*w + 1. Let z = 9 + w. Calculate the highest common factor of z and s.
10
Let p = 16 + -10. Suppose 4*v - 66 = -p. Calculate the highest common divisor of v and 30.
15
Let s = 59 + -23. What is the highest common factor of 4 and s?
4
Let k be (66/(-9))/(2/(-3)). Let f be 484/(-6)*3/(-2). Calculate the greatest common factor of f and k.
11
Let u(o) be the first derivative of o**4/4 - 2*o**3 - 6*o**2 + 4*o - 3. Let r be u(8). What is the highest common divisor of r and 9?
9
Suppose z = 2*i - 22, -3*i - 3 = 4*z - 25. Calculate the greatest common factor of i and 90.
10
Let k(g) = 87*g + 4. Let l be k(4). Suppose 2*n = -2*s + 4*n + 66, -3*n + 125 = 4*s. What is the highest common factor of l and s?
32
Let g = -451 + 469. Let s = 185 + -131. Calculate the greatest common divisor of g and s.
18
Let v = -10 + 23. Let p = 133 - 94. What is the highest common divisor of p and v?
13
Suppose -3*d + 40 = 2*d. What is the highest common divisor of d and 12?
4
Let c(u) = -u**3 - u - 1. Let a be c(-1). Let t = a - -3. Let n = 3 + t. Calculate the highest common factor of n and 56.
7
Suppose 4*t - 60 = 3*t. Calculate the greatest common divisor of 12 and t.
12
Suppose -4*h = w - 86, 0 = -4*h + 3*w - 8*w + 78. Let y = -8 - -29. Suppose 4*s - 2 = -h, -y = -b + s. What is the highest common divisor of 16 and b?
16
Let a be (6/4)/(3/(-90)). Let v be a/4*(7 - 23). Calculate the greatest common divisor of v and 72.
36
Let q be (16/10)/(2/10). Calculate the highest common factor of q and 48.
8
Let x(s) = s**2 - 4. Suppose 4*z - 2*w = 14, -w + 3 = -2. Let p be x(z). Let c be 3/6 + (-190)/(-4). What is the greatest common divisor of p and c?
16
Suppose 4*y - 7 = 2*m + 39, 0 = -5*y + m + 53. What is the greatest common divisor of 70 and y?
10
Let i be (-16)/(-2*1) - -1. Suppose 3*q = 2*a + q - 40, 2*a = 3*q + 42. Calculate the highest common factor of a and i.
9
Suppose -r - 3 = -4, -2*w - 3*r = -31. Calculate the highest common divisor of w and 2.
2
Let v(o) = 2*o**3 - 2*o**2 + 4*o - 4. Let f be v(3). Suppose 2*r - 10 = 0, -3*u + 2*r = u - 254. Calculate the greatest common factor of u and f.
22
Let n be (33 - 4)/(1/5). What is the greatest common divisor of 29 and n?
29
Let z be (-2)/11 - (-204)/33. Suppose -5*b + z = -224. Calculate the highest common divisor of 23 and b.
23
Suppose -4*y = -8 - 36. Suppose 3 - 1 = h,